is divided by 38.
35
What is the remainder when 12069 is divided by 2058?
1779
Calculate the remainder when 79356 is divided by 1017.
30
What is the remainder when 382296 is divided by 45?
21
What is the remainder when 4021 is divided by 1189?
454
What is the remainder when 29179 is divided by 16?
11
What is the remainder when 237461 is divided by 83?
81
Calculate the remainder when 22742 is divided by 2273.
12
What is the remainder when 59305 is divided by 229?
223
Calculate the remainder when 117943 is divided by 22.
1
Calculate the remainder when 7167 is divided by 67.
65
What is the remainder when 1862 is divided by 462?
14
Calculate the remainder when 2494 is divided by 2485.
9
Calculate the remainder when 12279 is divided by 40.
39
Calculate the remainder when 192298 is divided by 150.
148
What is the remainder when 1315 is divided by 168?
139
Calculate the remainder when 5040 is divided by 281.
263
Calculate the remainder when 1767 is divided by 59.
56
What is the remainder when 61800 is divided by 4753?
11
Calculate the remainder when 5551 is divided by 1458.
1177
Calculate the remainder when 5114 is divided by 1541.
491
Calculate the remainder when 416270 is divided by 143.
140
Calculate the remainder when 1429 is divided by 236.
13
Calculate the remainder when 10297 is divided by 465.
67
Calculate the remainder when 445 is divided by 82.
35
Calculate the remainder when 77341 is divided by 168.
61
Calculate the remainder when 3188 is divided by 589.
243
Calculate the remainder when 35614 is divided by 35606.
8
What is the remainder when 13454 is divided by 3359?
18
Calculate the remainder when 1117 is divided by 271.
33
What is the remainder when 11710 is divided by 255?
235
Calculate the remainder when 805879 is divided by 177.
175
What is the remainder when 25506 is divided by 14?
12
Calculate the remainder when 21269 is divided by 128.
21
Calculate the remainder when 60962 is divided by 1527.
1409
Calculate the remainder when 16387 is divided by 212.
63
Calculate the remainder when 292 is divided by 70.
12
Calculate the remainder when 3987 is divided by 63.
18
What is the remainder when 75402 is divided by 73?
66
Calculate the remainder when 119290 is divided by 932.
926
What is the remainder when 134424 is divided by 43?
6
Calculate the remainder when 3794357 is divided by 29.
26
Calculate the remainder when 9989 is divided by 2455.
169
Calculate the remainder when 395494 is divided by 4823.
8
What is the remainder when 257328 is divided by 172?
16
What is the remainder when 4330 is divided by 352?
106
What is the remainder when 27253 is divided by 40?
13
Calculate the remainder when 34029 is divided by 105.
9
Calculate the remainder when 83760 is divided by 96.
48
What is the remainder when 13374 is divided by 44?
42
Calculate the remainder when 26357 is divided by 18.
5
Calculate the remainder when 26699 is divided by 26.
23
Calculate the remainder when 164429 is divided by 9672.
5
Calculate the remainder when 310405 is divided by 79.
14
Calculate the remainder when 12313 is divided by 491.
38
What is the remainder when 264090 is divided by 412?
410
What is the remainder when 147556 is divided by 296?
148
What is the remainder when 9798 is divided by 140?
138
What is the remainder when 34296 is divided by 293?
15
What is the remainder when 4263777 is divided by 61?
60
Calculate the remainder when 2436 is divided by 72.
60
What is the remainder when 14353 is divided by 11?
9
What is the remainder when 2164 is divided by 914?
336
What is the remainder when 4229 is divided by 1220?
569
What is the remainder when 205253 is divided by 126?
125
What is the remainder when 36935 is divided by 9219?
59
Calculate the remainder when 40625 is divided by 549.
548
Calculate the remainder when 2898 is divided by 141.
78
What is the remainder when 173879 is divided by 322?
321
Calculate the remainder when 33450 is divided by 164.
158
What is the remainder when 1728 is divided by 707?
314
Calculate the remainder when 4983 is divided by 1139.
427
Calculate the remainder when 16517 is divided by 66.
17
Calculate the remainder when 8965 is divided by 152.
149
What is the remainder when 45821 is divided by 16?
13
Calculate the remainder when 1885 is divided by 329.
240
What is the remainder when 6394 is divided by 959?
640
Calculate the remainder when 29573 is divided by 5914.
3
What is the remainder when 63336 is divided by 556?
508
Calculate the remainder when 24556 is divided by 210.
196
Calculate the remainder when 35571 is divided by 434.
417
Calculate the remainder when 66754 is divided by 407.
6
What is the remainder when 12252 is divided by 37?
5
Calculate the remainder when 143542 is divided by 20505.
7
What is the remainder when 243542 is divided by 43?
33
What is the remainder when 28224 is divided by 21?
0
Calculate the remainder when 198987 is divided by 229.
215
What is the remainder when 142431 is divided by 32?
31
Calculate the remainder when 42874 is divided by 1341.
1303
Calculate the remainder when 1372 is divided by 293.
200
What is the remainder when 3320 is divided by 3249?
71
What is the remainder when 250254 is divided by 17?
14
Calculate the remainder when 11614 is divided by 1051.
53
What is the remainder when 18442 is divided by 692?
450
Calculate the remainder when 523364 is divided by 7.
2
Calculate the remainder when 483 is divided by 21.
0
Calculate the remainder when 12592 is divided by 6290.
12
What is the remainder when 29744 is divided by 2288?
0
What is the remainder when 274 is divided by 29?
13
Calculate the remainder when 232461 is divided by 19.
15
What is the remainder when 696780 is divided by 8820?
0
Calculate the remainder when 558165 is divided by 121.
113
What is the remainder when 10367 is divided by 5183?
1
Calculate the remainder when 1180316 is divided by 178.
176
Calculate the remainder when 15015 is divided by 7488.
39
What is the remainder when 130014 is divided by 43321?
51
Calculate the remainder when 259094 is divided by 92.
22
Calculate the remainder when 150238 is divided by 91.
88
Calculate the remainder when 38664 is divided by 12869.
57
What is the remainder when 6269 is divided by 1566?
5
What is the remainder when 4672 is divided by 114?
112
What is the remainder when 21927 is divided by 39?
9
Calculate the remainder when 7273 is divided by 221.
201
What is the remainder when 235369 is divided by 1171?
1169
What is the remainder when 6862 is divided by 1139?
28
What is the remainder when 2287 is divided by 209?
197
What is the remainder when 40294 is divided by 155?
149
Calculate the remainder when 2165717 is divided by 232.
229
What is the remainder when 1424 is divided by 654?
116
What is the remainder when 88656 is divided by 147?
15
Calculate the remainder when 1406 is divided by 458.
32
What is the remainder when 25890 is divided by 289?
169
Calculate the remainder when 6511 is divided by 172.
147
Calculate the remainder when 49371 is divided by 83.
69
Calculate the remainder when 53572 is divided by 16.
4
What is the remainder when 11675 is divided by 78?
53
Calculate the remainder when 20223 is divided by 213.
201
Calculate the remainder when 33040 is divided by 1180.
0
What is the remainder when 111660 is divided by 517?
505
Calculate the remainder when 3561 is divided by 3553.
8
Calculate the remainder when 24390 is divided by 1434.
12
What is the remainder when 98703 is divided by 19736?
23
What is the remainder when 69847 is divided by 39?
37
What is the remainder when 8833 is divided by 340?
333
What is the remainder when 817329 is divided by 23?
1
Calculate the remainder when 27096 is divided by 211.
88
What is the remainder when 15126 is divided by 378?
6
Calculate the remainder when 2929 is divided by 1429.
71
Calculate the remainder when 7695 is divided by 7028.
667
What is the remainder when 161221 is divided by 25?
21
Calculate the remainder when 13023 is divided by 93.
3
What is the remainder when 139319 is divided by 216?
215
What is the remainder when 14216 is divided by 304?
232
What is the remainder when 3035 is divided by 284?
195
Calculate the remainder when 140239 is divided by 26.
21
Calculate the remainder when 5267 is divided by 1719.
110
Calculate the r